ten thousands digit of 32029?
3
What is the units digit of 24487?
7
What is the units digit of 197729?
9
What is the tens digit of 770?
7
What is the tens digit of 13213?
1
What is the units digit of 1539?
9
What is the units digit of 77?
7
What is the tens digit of 987?
8
What is the hundreds digit of 258?
2
What is the ten thousands digit of 32570?
3
What is the hundred thousands digit of 129523?
1
What is the units digit of 52433?
3
What is the tens digit of 1521?
2
What is the tens digit of 8284?
8
What is the tens digit of 76406?
0
What is the tens digit of 13999?
9
What is the thousands digit of 1753?
1
What is the units digit of 2609?
9
What is the tens digit of 896?
9
What is the units digit of 2796?
6
What is the units digit of 260?
0
What is the thousands digit of 1317?
1
What is the thousands digit of 11821?
1
What is the thousands digit of 46889?
6
What is the thousands digit of 43813?
3
What is the thousands digit of 4150?
4
What is the units digit of 5307?
7
What is the thousands digit of 4897?
4
What is the units digit of 1179?
9
What is the hundreds digit of 666?
6
What is the thousands digit of 1939?
1
What is the tens digit of 80580?
8
What is the hundreds digit of 18074?
0
What is the units digit of 69442?
2
What is the tens digit of 23322?
2
What is the units digit of 2670?
0
What is the hundreds digit of 6610?
6
What is the units digit of 8201?
1
What is the units digit of 215?
5
What is the tens digit of 182?
8
What is the tens digit of 36399?
9
What is the units digit of 661?
1
What is the tens digit of 1490?
9
What is the hundreds digit of 29911?
9
What is the hundreds digit of 12362?
3
What is the tens digit of 3680?
8
What is the ten thousands digit of 24300?
2
What is the tens digit of 10661?
6
What is the ten thousands digit of 45931?
4
What is the units digit of 18375?
5
What is the hundreds digit of 841?
8
What is the tens digit of 96284?
8
What is the units digit of 43584?
4
What is the tens digit of 42757?
5
What is the hundreds digit of 4225?
2
What is the hundreds digit of 12325?
3
What is the hundreds digit of 9240?
2
What is the hundreds digit of 12973?
9
What is the tens digit of 11?
1
What is the tens digit of 16425?
2
What is the units digit of 5320?
0
What is the thousands digit of 5803?
5
What is the tens digit of 22280?
8
What is the hundreds digit of 6846?
8
What is the tens digit of 978?
7
What is the tens digit of 1460?
6
What is the tens digit of 13775?
7
What is the hundreds digit of 2057?
0
What is the tens digit of 94?
9
What is the tens digit of 6928?
2
What is the thousands digit of 2675?
2
What is the tens digit of 76548?
4
What is the tens digit of 675?
7
What is the units digit of 1613?
3
What is the hundreds digit of 785?
7
What is the hundreds digit of 1274?
2
What is the units digit of 768?
8
What is the units digit of 292?
2
What is the tens digit of 70?
7
What is the thousands digit of 33105?
3
What is the ten thousands digit of 44174?
4
What is the thousands digit of 6829?
6
What is the hundreds digit of 3069?
0
What is the tens digit of 59575?
7
What is the units digit of 839?
9
What is the thousands digit of 26230?
6
What is the tens digit of 245?
4
What is the hundreds digit of 8204?
2
What is the hundreds digit of 4952?
9
What is the tens digit of 46196?
9
What is the units digit of 8312?
2
What is the tens digit of 149628?
2
What is the tens digit of 6738?
3
What is the tens digit of 5035?
3
What is the units digit of 19839?
9
What is the hundreds digit of 3461?
4
What is the ten thousands digit of 21861?
2
What is the units digit of 806?
6
What is the thousands digit of 32520?
2
What is the units digit of 868?
8
What is the units digit of 6450?
0
What is the hundreds digit of 1638?
6
What is the tens digit of 126965?
6
What is the thousands digit of 4102?
4
What is the thousands digit of 48406?
8
What is the thousands digit of 3554?
3
What is the hundreds digit of 13157?
1
What is the hundreds digit of 626?
6
What is the tens digit of 1035?
3
What is the tens digit of 1510?
1
What is the tens digit of 106?
0
What is the units digit of 134?
4
What is the units digit of 60116?
6
What is the units digit of 483?
3
What is the thousands digit of 6733?
6
What is the units digit of 16360?
0
What is the units digit of 960?
0
What is the hundreds digit of 1699?
6
What is the hundreds digit of 2655?
6
What is the tens digit of 63?
6
What is the tens digit of 2091?
9
What is the units digit of 8395?
5
What is the tens digit of 47168?
6
What is the tens digit of 12843?
4
What is the thousands digit of 4703?
4
What is the tens digit of 22833?
3
What is the hundreds digit of 334?
3
What is the hundreds digit of 953?
9
What is the tens digit of 122777?
7
What is the hundreds digit of 108807?
8
What is the tens digit of 270?
7
What is the ten thousands digit of 26599?
2
What is the tens digit of 904?
0
What is the tens digit of 30382?
8
What is the tens digit of 12412?
1
What is the tens digit of 14376?
7
What is the hundreds digit of 4293?
2
What is the tens digit of 5788?
8
What is the tens digit of 40544?
4
What is the tens digit of 3400?
0
What is the tens digit of 2213?
1
What is the hundreds digit of 732?
7
What is the hundreds digit of 25405?
4
What is the hundreds digit of 2806?
8
What is the thousands digit of 2129?
2
What is the ten thousands digit of 37965?
3
What is the thousands digit of 9556?
9
What is the tens digit of 9447?
4
What is the units digit of 1014?
4
What is the units digit of 15885?
5
What is the thousands digit of 53385?
3
What is the tens digit of 742?
4
What is the tens digit of 696?
9
What is the hundreds digit of 4137?
1
What is the thousands digit of 11580?
1
What is the thousands digit of 15508?
5
What is the ten thousands digit of 21875?
2
What is the tens digit of 72273?
7
What is the units digit of 21?
1
What is the tens digit of 4643?
4
What is the units digit of 1531?
1
What is the tens digit of 93?
9
What is the hundreds digit of 260?
2
What is the thousands digit of 65385?
5
What is the hundreds digit of 2087?
0
What is the thousands digit of 1588?
1
What is the hundreds digit of 225?
2
What is the units digit of 102058?
8
What is the units digit of 11895?
5
What is the tens digit of 1404?
0
What is the tens digit of 23?
2
What is the units digit of 1423?
3
What is the hundreds digit of 42737?
7
What is the hundreds digit of 43611?
6
What is the ten thousands digit of 42826?
4
What is the thousands digit of 2813?
2
What is the hundreds digit of 566?
5
What is the hundreds digit of 11868?
8
What is the units digit of 1367?
7
What is the thousands digit of 6369?
6
What is the tens digit of 462?
6
What is the tens digit of 1963?
6
What is the hundreds digit of 8887?
8
What is the thousands digit of 86751?
6
What is the tens digit of 28198?
9
What is the tens digit of 221?
2
What is the ten thousands digit of 22590?
2
What is the hundreds digit of 36977?
9
What is the hundred thousands digit of 131454?
1
What is the units digit of 734?
4
What is the thousands digit of 2692?
2
What is the hundreds digit of 12692?
6
What is the units digit of 1679?
9
What is the units digit of 39?
9
What is the thousands digit of 2745?
2
What is the hundreds digit of 19951?
9
What is the thousands digit of 59477?
9
What is the units digit of 2196?
6
What is the hundreds digit of 15852?
8
What is the tens digit of 320?
2
What is the thousands digit of 4563?
4
What is the thousands digit of 6614?
6
What is the thousands digit of 5685?
5
What is the tens digit of 1789?
8
What is the thousands digit of 35874?
5
What is the tens digit of 12478?
7
What is the thousands digit of 15807?
5
What is the tens digit of 88127?
2
What is the tens digit of 2385?
8
What is the tens digit of 1592?
9
What is the units digit of 19110?
0
What is the units digit of 2590?
0
What is the hundreds digit of 65123?
1
What is the units digit of 2097?
7
What is the thousands digit of 20082?
0
What is the tens digit of 81308?
0
What is the units digit of 895?
5
What is the thousands digit of 21457?
1
What is the hundreds digit of 1509?
5
What is the tens digit of 24549?
4
What is the hundreds digit of 1702?
7
What is the tens digit of 698?
9
What is the tens digit of 1177?
7
What is the ten thousands d